7980461?
7
What is the hundred thousands digit of 309194316?
1
What is the hundreds digit of 104387551?
5
What is the millions digit of 4882701314?
2
What is the thousands digit of 45988249?
8
What is the thousands digit of 193878687?
8
What is the hundreds digit of 126928650?
6
What is the tens digit of 714258454?
5
What is the millions digit of 170843730?
0
What is the tens digit of 118025632?
3
What is the hundred thousands digit of 2859292291?
2
What is the hundred millions digit of 1507579017?
5
What is the ten millions digit of 2886528703?
8
What is the tens digit of 56433766?
6
What is the millions digit of 481793711?
1
What is the tens digit of 2215740177?
7
What is the ten millions digit of 1823963698?
2
What is the hundred millions digit of 485090120?
4
What is the millions digit of 1123493?
1
What is the hundred thousands digit of 223112126?
1
What is the hundred thousands digit of 261344115?
3
What is the hundred thousands digit of 401066731?
0
What is the hundreds digit of 174107958?
9
What is the tens digit of 7083169590?
9
What is the tens digit of 2639031603?
0
What is the units digit of 1756067114?
4
What is the units digit of 48990264?
4
What is the hundreds digit of 422037?
0
What is the hundreds digit of 349569172?
1
What is the hundred thousands digit of 425263829?
2
What is the ten thousands digit of 167793064?
9
What is the ten millions digit of 61012908?
6
What is the ten millions digit of 167312457?
6
What is the thousands digit of 1057905521?
5
What is the hundred thousands digit of 118112959?
1
What is the millions digit of 152439728?
2
What is the tens digit of 307577707?
0
What is the ten millions digit of 45916663?
4
What is the hundred thousands digit of 2144879801?
8
What is the hundreds digit of 813981682?
6
What is the ten millions digit of 419710253?
1
What is the hundred thousands digit of 3181794153?
7
What is the hundreds digit of 31198055?
0
What is the millions digit of 101246436?
1
What is the thousands digit of 252815438?
5
What is the units digit of 8561589?
9
What is the ten millions digit of 70534245?
7
What is the hundreds digit of 77826859?
8
What is the units digit of 5438057666?
6
What is the units digit of 241661008?
8
What is the ten millions digit of 811078489?
1
What is the ten millions digit of 11492951?
1
What is the hundred thousands digit of 2567568835?
5
What is the billions digit of 3133176022?
3
What is the units digit of 26144136?
6
What is the ten millions digit of 178378383?
7
What is the millions digit of 26414797?
6
What is the hundred thousands digit of 1320526942?
5
What is the ten thousands digit of 708535090?
3
What is the units digit of 79023131?
1
What is the units digit of 381917780?
0
What is the tens digit of 843781520?
2
What is the units digit of 4141078151?
1
What is the millions digit of 125169520?
5
What is the tens digit of 400338374?
7
What is the millions digit of 1027376481?
7
What is the units digit of 5480267729?
9
What is the hundred thousands digit of 204029981?
0
What is the thousands digit of 55566048?
6
What is the ten millions digit of 240175349?
4
What is the thousands digit of 56634218?
4
What is the thousands digit of 36235295?
5
What is the hundreds digit of 707540232?
2
What is the tens digit of 734179760?
6
What is the hundreds digit of 362025184?
1
What is the thousands digit of 2646746167?
6
What is the ten millions digit of 589109870?
8
What is the units digit of 184275993?
3
What is the units digit of 58259002?
2
What is the ten thousands digit of 393090015?
9
What is the ten thousands digit of 150770175?
7
What is the millions digit of 1289843950?
9
What is the ten thousands digit of 2503590735?
9
What is the millions digit of 216272335?
6
What is the ten thousands digit of 8497176100?
7
What is the hundred thousands digit of 5348999767?
9
What is the hundred millions digit of 133885172?
1
What is the units digit of 576128658?
8
What is the hundred thousands digit of 87762148?
7
What is the hundreds digit of 254543816?
8
What is the units digit of 107862786?
6
What is the hundred millions digit of 970130487?
9
What is the hundred thousands digit of 4484152?
4
What is the hundreds digit of 383029596?
5
What is the ten thousands digit of 113709823?
0
What is the millions digit of 51499622?
1
What is the thousands digit of 2689358378?
8
What is the millions digit of 47054316?
7
What is the thousands digit of 368054003?
4
What is the ten millions digit of 761185217?
6
What is the hundred thousands digit of 1255287936?
2
What is the ten thousands digit of 538138553?
3
What is the units digit of 578417226?
6
What is the tens digit of 88311427?
2
What is the units digit of 1714069162?
2
What is the thousands digit of 4099174?
9
What is the ten millions digit of 151187402?
5
What is the hundred millions digit of 125358750?
1
What is the tens digit of 127966185?
8
What is the units digit of 278191535?
5
What is the hundred millions digit of 1105396471?
1
What is the thousands digit of 53859406?
9
What is the tens digit of 1906029297?
9
What is the ten thousands digit of 14620486?
2
What is the hundred thousands digit of 82430871?
4
What is the thousands digit of 5402290?
2
What is the units digit of 132259681?
1
What is the units digit of 139290568?
8
What is the millions digit of 41616850?
1
What is the tens digit of 139975957?
5
What is the hundreds digit of 120051834?
8
What is the units digit of 475105232?
2
What is the millions digit of 10655380?
0
What is the units digit of 1937486217?
7
What is the hundreds digit of 6040072?
0
What is the millions digit of 39903185?
9
What is the hundred thousands digit of 141595053?
5
What is the billions digit of 1955453265?
1
What is the tens digit of 44187067?
6
What is the ten thousands digit of 18052178?
5
What is the billions digit of 8275166184?
8
What is the ten thousands digit of 2661041400?
4
What is the units digit of 85303829?
9
What is the ten thousands digit of 489711947?
1
What is the ten thousands digit of 567785781?
8
What is the units digit of 1877904709?
9
What is the hundred millions digit of 1915443373?
9
What is the tens digit of 970599406?
0
What is the millions digit of 231900499?
1
What is the billions digit of 6545776367?
6
What is the ten millions digit of 14959004?
1
What is the hundred thousands digit of 880921422?
9
What is the millions digit of 63851018?
3
What is the tens digit of 722486347?
4
What is the units digit of 14808784?
4
What is the millions digit of 23681522?
3
What is the hundreds digit of 21908947?
9
What is the ten millions digit of 620800975?
2
What is the hundred millions digit of 330924417?
3
What is the thousands digit of 2851903745?
3
What is the tens digit of 35084913?
1
What is the units digit of 27837930?
0
What is the ten thousands digit of 62429874?
2
What is the tens digit of 317239158?
5
What is the ten thousands digit of 1079259343?
5
What is the millions digit of 64451547?
4
What is the hundred millions digit of 143980375?
1
What is the tens digit of 21892046?
4
What is the millions digit of 113615311?
3
What is the hundred thousands digit of 1945300212?
3
What is the ten millions digit of 236252343?
3
What is the tens digit of 561131611?
1
What is the ten thousands digit of 14295820?
9
What is the hundred millions digit of 107893792?
1
What is the hundred millions digit of 1848434321?
8
What is the hundred thousands digit of 1244188826?
1
What is the hundreds digit of 25355613?
6
What is the millions digit of 508978133?
8
What is the hundreds digit of 3137642310?
3
What is the hundred thousands digit of 564246466?
2
What is the tens digit of 97505432?
3
What is the hundred thousands digit of 1236199290?
1
What is the ten thousands digit of 425909533?
0
What is the ten millions digit of 486305333?
8
What is the ten thousands digit of 5372347?
7
What is the millions digit of 4245445679?
5
What is the thousands digit of 143148921?
8
What is the units digit of 3580756261?
1
What is the ten millions digit of 68256627?
6
What is the tens digit of 5226486511?
1
What is the thousands digit of 75189397?
9
What is the millions digit of 465157313?
5
What is the thousands digit of 38296066?
6
What is the millions digit of 195976540?
5
What is the hundreds d